, 349, 743
List the prime factors of 1532045146.
2, 2029, 377537
What are the prime factors of 11054873?
173, 63901
List the prime factors of 124292782.
2, 23, 29, 4051
List the prime factors of 3197403.
3, 11, 32297
What are the prime factors of 4133411549?
2953, 1399733
What are the prime factors of 2866642016?
2, 7, 12797509
List the prime factors of 671714167.
671714167
List the prime factors of 2647504378.
2, 23, 103, 558781
List the prime factors of 67047264.
2, 3, 25867
List the prime factors of 164229226.
2, 7, 11730659
What are the prime factors of 44087821?
44087821
List the prime factors of 104061531.
3, 7, 4955311
What are the prime factors of 306227047?
7, 19, 71, 32429
List the prime factors of 2361614489.
13, 1069, 169937
What are the prime factors of 47943928?
2, 373, 16067
What are the prime factors of 1876939901?
1876939901
What are the prime factors of 4109241486?
2, 3, 7, 6829, 14327
What are the prime factors of 61922456?
2, 7740307
What are the prime factors of 2724131784?
2, 3, 11, 10318681
What are the prime factors of 79979470?
2, 5, 7997947
List the prime factors of 389416584.
2, 3, 16225691
What are the prime factors of 192656684?
2, 11, 43, 9257
List the prime factors of 303177029.
71, 4270099
What are the prime factors of 4555912990?
2, 5, 181, 2517079
What are the prime factors of 8072240496?
2, 3, 839, 200443
What are the prime factors of 18374051?
18374051
What are the prime factors of 3101371419?
3, 199, 5194927
List the prime factors of 1922777282.
2, 17, 5581, 10133
List the prime factors of 29590809.
3, 19, 89, 307
What are the prime factors of 3633059?
3633059
List the prime factors of 13246950.
2, 3, 5, 47, 1879
What are the prime factors of 190007401?
31, 6129271
What are the prime factors of 236766956?
2, 17, 701, 4967
What are the prime factors of 79889657?
43, 1857899
What are the prime factors of 138818403?
3, 31, 497557
What are the prime factors of 109456179?
3, 7, 29, 191, 941
What are the prime factors of 719973121?
7, 37, 56731
List the prime factors of 271138372.
2, 17, 109, 157, 233
What are the prime factors of 236056794?
2, 3, 39342799
List the prime factors of 1926057733.
1926057733
What are the prime factors of 35130518?
2, 17565259
List the prime factors of 296277341.
5009, 59149
List the prime factors of 102131646.
2, 3, 17021941
What are the prime factors of 804409283?
804409283
List the prime factors of 1090995430.
2, 5, 7, 15585649
What are the prime factors of 5703805?
5, 61, 18701
List the prime factors of 3394773678.
2, 3, 41, 443, 31151
List the prime factors of 3406152960.
2, 3, 5, 7, 42239
What are the prime factors of 475171168?
2, 23, 37, 17449
List the prime factors of 190576118.
2, 19, 41, 122321
What are the prime factors of 60939197?
11, 5539927
What are the prime factors of 988618351?
7, 47, 3004919
What are the prime factors of 1057102168?
2, 3467, 38113
List the prime factors of 130559120.
2, 5, 1631989
What are the prime factors of 130472566?
2, 7, 29, 97, 3313
List the prime factors of 230985596.
2, 17, 23, 147689
List the prime factors of 17271225.
3, 5, 2843
What are the prime factors of 166467074?
2, 83233537
What are the prime factors of 210519482?
2, 601, 175141
What are the prime factors of 244833484?
2, 7, 113, 223, 347
What are the prime factors of 18267357?
3, 1549, 3931
List the prime factors of 433912622.
2, 11, 13, 97, 15641
List the prime factors of 438512214.
2, 3, 7, 10440767
What are the prime factors of 683938272?
2, 3, 7124357
List the prime factors of 429855288.
2, 3, 61, 293617
List the prime factors of 7116169.
331, 21499
List the prime factors of 453177754.
2, 226588877
List the prime factors of 133363216.
2, 7, 1190743
What are the prime factors of 39507476?
2, 281, 35149
What are the prime factors of 117029360?
2, 5, 7, 17, 19, 647
What are the prime factors of 583151701?
11, 47, 103, 233
What are the prime factors of 620296837?
620296837
What are the prime factors of 68334958?
2, 34167479
What are the prime factors of 1005593893?
113, 8899061
What are the prime factors of 7450597318?
2, 163, 22854593
What are the prime factors of 1155971?
1155971
List the prime factors of 2114282422.
2, 7, 97, 1556909
What are the prime factors of 86047664?
2, 5377979
List the prime factors of 291166873.
29, 10040237
List the prime factors of 258846427.
7, 36978061
What are the prime factors of 2452090283?
23, 193, 552397
List the prime factors of 49992067.
47, 1063661
What are the prime factors of 9875836?
2, 109, 22651
List the prime factors of 76021493.
457, 166349
What are the prime factors of 48040966?
2, 24020483
List the prime factors of 233739877.
7, 521, 64091
List the prime factors of 536350249.
1453, 369133
List the prime factors of 284818815.
3, 5, 2109769
What are the prime factors of 968322048?
2, 3, 383, 823
What are the prime factors of 787605180?
2, 3, 5, 277, 47389
What are the prime factors of 3694094035?
5, 229, 433, 7451
What are the prime factors of 516145871?
283, 1823837
What are the prime factors of 226982859?
3, 1231, 61463
List the prime factors of 228474059.
11, 991, 20959
List the prime factors of 83744577.
3, 7, 63299
What are the prime factors of 130420794?
2, 3, 7, 3105257
List the prime factors of 693176897.
7, 163, 607517
What are the prime factors of 109174323?
3, 17, 19, 61, 1847
What are the prime factors of 43265988?
2, 3, 41, 3257
What are the prime factors of 2724730937?
191, 14265607
List the prime factors of 1458280324.
2, 19, 19187899
What are the prime factors of 2643611134?
2, 13873, 95279
What are the prime factors of 762631194?
2, 3, 13, 23, 425101
What are the prime factors of 98973426?
2, 3, 41, 402331
What are the prime factors of 25862079?
3, 47, 149, 1231
What are the prime factors of 2299631033?
7, 607, 541217
What are the prime factors of 187168124?
2, 11, 13, 151, 197
What are the prime factors of 149569226?
2, 173, 432281
List the prime factors of 600670254.
2, 3, 23, 41, 106163
List the prime factors of 147525529.
147525529
List the prime factors of 417941513.
11, 1187, 32009
What are the prime factors of 834948872?
2, 89, 1172681
What are the prime factors of 1574812075?
5, 1889, 33347
What are the prime factors of 60029839?
17, 23, 153529
What are the prime factors of 899650841?
899650841
What are the prime factors of 168163963?
11, 15287633
List the prime factors of 1483115716.
2, 23, 16120823
List the prime factors of 67481526.
2, 3, 7, 229529
List the prime factors of 357228.
2, 3, 9923
What are the prime factors of 1106520250?
2, 5, 11, 402371
List the prime factors of 4488884.
2, 17, 251, 263
List the prime factors of 1123307941.
7, 160472563
What are the prime factors of 128116086?
2, 3, 7, 435769
List the prime factors of 42908227.
47, 912941
List the prime factors of 352775100.
2, 3, 5, 67, 17551
List the prime factors of 1956134285.
5, 7, 43, 103, 12619
List the prime factors of 2977620289.
7, 101, 107, 5623
List the prime factors of 586496327.
3917, 149731
List the prime factors of 135067049.
13, 47, 221059
List the prime factors of 114143706.
2, 3, 131, 48407
List the prime factors of 57922220.
2, 5, 2896111
List the prime factors of 440735865.
3, 5, 79, 371929
What are the prime factors of 2939788721?
743, 3956647
List the prime factors of 378473346.
2, 3, 17, 151, 8191
What are the prime factors of 287739629?
19, 15144191
What are the prime factors of 260770201?
260770201
List the prime factors of 73636109.
73636109
What are the prime factors of 46584312?
2, 3, 1941013
List the prime factors of 179536160.
2, 5, 23, 48787
List the prime factors of 24984688.
2, 73, 21391
What are the prime factors of 16130618?
2, 7, 1152187
What are the prime factors of 15425560?
2, 5, 385639
What are the prime factors of 1218907884?
2, 3, 577, 176041
What are the prime factors of 71261572?
2, 107, 167, 997
List the prime factors of 338031168.
2, 3, 103, 17093
List the prime factors of 147366802.
2, 11, 6698491
What are the prime factors of 118468750?
2, 5, 17, 223
What are the prime factors of 51268404?
2, 3, 11, 29, 59, 227
What are the prime factors of 3332882?
2, 7, 71, 479
What are the prime factors of 635491291?
2383, 266677
What are the prime factors of 342719491?
342719491
What are the prime fact